{"id":559,"date":"2023-01-24T16:31:02","date_gmt":"2023-01-24T16:31:02","guid":{"rendered":"https:\/\/hubertia-moosham.de\/?page_id=559"},"modified":"2023-01-24T16:32:01","modified_gmt":"2023-01-24T16:32:01","slug":"standumbau-2021","status":"publish","type":"page","link":"https:\/\/hubertia-moosham.de\/?page_id=559","title":{"rendered":"Standumbau 2021"},"content":{"rendered":"\n<p>Eine weitere Neuerung fand noch am Stand selber statt. Der Stand wurde dieses Jahr komplett neu umgebaut und auf elektronische Schie\u00dfst\u00e4nde umgestellt.<\/p>\n\n\n\n<figure class=\"wp-block-gallery has-nested-images columns-default is-cropped wp-block-gallery-1 is-layout-flex wp-block-gallery-is-layout-flex\">\n<figure class=\"wp-block-image size-large is-style-default\"><img loading=\"lazy\" decoding=\"async\" width=\"639\" height=\"480\" data-id=\"302\" src=\"https:\/\/hubertia-moosham.de\/wp-content\/uploads\/2022\/09\/Mini-IMG_20210622_175918.jpg\" alt=\"\" class=\"wp-image-302\" srcset=\"https:\/\/hubertia-moosham.de\/wp-content\/uploads\/2022\/09\/Mini-IMG_20210622_175918.jpg 639w, https:\/\/hubertia-moosham.de\/wp-content\/uploads\/2022\/09\/Mini-IMG_20210622_175918-300x225.jpg 300w\" sizes=\"auto, (max-width: 639px) 100vw, 639px\" \/><figcaption class=\"wp-element-caption\">Zuerst alles wegpacken und abbauen<\/figcaption><\/figure>\n\n\n\n<figure class=\"wp-block-image size-large is-style-default\"><img loading=\"lazy\" decoding=\"async\" width=\"639\" height=\"480\" data-id=\"298\" src=\"https:\/\/hubertia-moosham.de\/wp-content\/uploads\/2022\/09\/Mini-IMG_20210622_175820.jpg\" alt=\"\" class=\"wp-image-298\" srcset=\"https:\/\/hubertia-moosham.de\/wp-content\/uploads\/2022\/09\/Mini-IMG_20210622_175820.jpg 639w, https:\/\/hubertia-moosham.de\/wp-content\/uploads\/2022\/09\/Mini-IMG_20210622_175820-300x225.jpg 300w\" sizes=\"auto, (max-width: 639px) 100vw, 639px\" \/><figcaption class=\"wp-element-caption\">sch\u00f6n verpackt \ud83d\ude42<\/figcaption><\/figure>\n\n\n\n<figure class=\"wp-block-image size-large is-style-default\"><img loading=\"lazy\" decoding=\"async\" width=\"639\" height=\"480\" data-id=\"309\" src=\"https:\/\/hubertia-moosham.de\/wp-content\/uploads\/2022\/09\/Mini-IMG_20210622_175855.jpg\" alt=\"\" class=\"wp-image-309\" srcset=\"https:\/\/hubertia-moosham.de\/wp-content\/uploads\/2022\/09\/Mini-IMG_20210622_175855.jpg 639w, https:\/\/hubertia-moosham.de\/wp-content\/uploads\/2022\/09\/Mini-IMG_20210622_175855-300x225.jpg 300w\" sizes=\"auto, (max-width: 639px) 100vw, 639px\" \/><figcaption class=\"wp-element-caption\">streichen und alten Boden raus<\/figcaption><\/figure>\n\n\n\n<figure class=\"wp-block-image size-large is-style-default\"><img loading=\"lazy\" decoding=\"async\" width=\"639\" height=\"480\" data-id=\"299\" src=\"https:\/\/hubertia-moosham.de\/wp-content\/uploads\/2022\/09\/Mini-IMG_20210622_180258.jpg\" alt=\"\" class=\"wp-image-299\" srcset=\"https:\/\/hubertia-moosham.de\/wp-content\/uploads\/2022\/09\/Mini-IMG_20210622_180258.jpg 639w, https:\/\/hubertia-moosham.de\/wp-content\/uploads\/2022\/09\/Mini-IMG_20210622_180258-300x225.jpg 300w\" sizes=\"auto, (max-width: 639px) 100vw, 639px\" \/><figcaption class=\"wp-element-caption\">sch\u00f6n au\u00dfen rum malen und das Bild erneuern<\/figcaption><\/figure>\n\n\n\n<figure class=\"wp-block-image size-large is-style-default\"><img loading=\"lazy\" decoding=\"async\" width=\"639\" height=\"480\" data-id=\"301\" src=\"https:\/\/hubertia-moosham.de\/wp-content\/uploads\/2022\/09\/Mini-IMG_20210811_190918.jpg\" alt=\"\" class=\"wp-image-301\" srcset=\"https:\/\/hubertia-moosham.de\/wp-content\/uploads\/2022\/09\/Mini-IMG_20210811_190918.jpg 639w, https:\/\/hubertia-moosham.de\/wp-content\/uploads\/2022\/09\/Mini-IMG_20210811_190918-300x225.jpg 300w\" sizes=\"auto, (max-width: 639px) 100vw, 639px\" \/><figcaption class=\"wp-element-caption\">neuen Boden verlegen und Trockenwand f\u00fcr die Zieleinrichtung mit Kugelfang bauen<\/figcaption><\/figure>\n\n\n\n<figure class=\"wp-block-image size-large is-style-default\"><img loading=\"lazy\" decoding=\"async\" width=\"639\" height=\"480\" data-id=\"300\" src=\"https:\/\/hubertia-moosham.de\/wp-content\/uploads\/2022\/09\/Mini-IMG_20210811_190908.jpg\" alt=\"\" class=\"wp-image-300\" srcset=\"https:\/\/hubertia-moosham.de\/wp-content\/uploads\/2022\/09\/Mini-IMG_20210811_190908.jpg 639w, https:\/\/hubertia-moosham.de\/wp-content\/uploads\/2022\/09\/Mini-IMG_20210811_190908-300x225.jpg 300w\" sizes=\"auto, (max-width: 639px) 100vw, 639px\" \/><figcaption class=\"wp-element-caption\">Tresen dazuf\u00fcgen<\/figcaption><\/figure>\n\n\n\n<figure class=\"wp-block-image size-large is-style-default\"><img loading=\"lazy\" decoding=\"async\" width=\"639\" height=\"480\" data-id=\"316\" src=\"https:\/\/hubertia-moosham.de\/wp-content\/uploads\/2022\/09\/Mini-IMG_20210811_190925.jpg\" alt=\"\" class=\"wp-image-316\" srcset=\"https:\/\/hubertia-moosham.de\/wp-content\/uploads\/2022\/09\/Mini-IMG_20210811_190925.jpg 639w, https:\/\/hubertia-moosham.de\/wp-content\/uploads\/2022\/09\/Mini-IMG_20210811_190925-300x225.jpg 300w\" sizes=\"auto, (max-width: 639px) 100vw, 639px\" \/><figcaption class=\"wp-element-caption\">Anschluss der Zieleinrichtungen &#8211; seeeehr viiiieele Meter Kabel<\/figcaption><\/figure>\n\n\n\n<figure class=\"wp-block-image size-large is-style-default\"><img loading=\"lazy\" decoding=\"async\" width=\"639\" height=\"480\" data-id=\"306\" src=\"https:\/\/hubertia-moosham.de\/wp-content\/uploads\/2022\/09\/Mini-IMG_20210811_190937.jpg\" alt=\"\" class=\"wp-image-306\" srcset=\"https:\/\/hubertia-moosham.de\/wp-content\/uploads\/2022\/09\/Mini-IMG_20210811_190937.jpg 639w, https:\/\/hubertia-moosham.de\/wp-content\/uploads\/2022\/09\/Mini-IMG_20210811_190937-300x225.jpg 300w\" sizes=\"auto, (max-width: 639px) 100vw, 639px\" \/><figcaption class=\"wp-element-caption\">Hier nochmal mit dem vorderen Tresen<\/figcaption><\/figure>\n\n\n\n<figure class=\"wp-block-image size-large is-style-default\"><img loading=\"lazy\" decoding=\"async\" width=\"639\" height=\"480\" data-id=\"310\" src=\"https:\/\/hubertia-moosham.de\/wp-content\/uploads\/2022\/09\/Mini-IMG_20210811_195324.jpg\" alt=\"\" class=\"wp-image-310\" srcset=\"https:\/\/hubertia-moosham.de\/wp-content\/uploads\/2022\/09\/Mini-IMG_20210811_195324.jpg 639w, https:\/\/hubertia-moosham.de\/wp-content\/uploads\/2022\/09\/Mini-IMG_20210811_195324-300x225.jpg 300w\" sizes=\"auto, (max-width: 639px) 100vw, 639px\" \/><figcaption class=\"wp-element-caption\">Pack ma\u00b4\u00df Leute &#8211; ich sag nur &#8211; sau schwer<\/figcaption><\/figure>\n\n\n\n<figure class=\"wp-block-image size-large is-style-default\"><img loading=\"lazy\" decoding=\"async\" width=\"639\" height=\"480\" data-id=\"305\" src=\"https:\/\/hubertia-moosham.de\/wp-content\/uploads\/2022\/09\/Mini-IMG_20210811_195518.jpg\" alt=\"\" class=\"wp-image-305\" srcset=\"https:\/\/hubertia-moosham.de\/wp-content\/uploads\/2022\/09\/Mini-IMG_20210811_195518.jpg 639w, https:\/\/hubertia-moosham.de\/wp-content\/uploads\/2022\/09\/Mini-IMG_20210811_195518-300x225.jpg 300w\" sizes=\"auto, (max-width: 639px) 100vw, 639px\" \/><figcaption class=\"wp-element-caption\">Edelstahlplatten &#8211; sehr edel<\/figcaption><\/figure>\n\n\n\n<figure class=\"wp-block-image size-large is-style-default\"><img loading=\"lazy\" decoding=\"async\" width=\"639\" height=\"480\" data-id=\"307\" src=\"https:\/\/hubertia-moosham.de\/wp-content\/uploads\/2022\/09\/Mini-IMG_20210811_203311.jpg\" alt=\"\" class=\"wp-image-307\" srcset=\"https:\/\/hubertia-moosham.de\/wp-content\/uploads\/2022\/09\/Mini-IMG_20210811_203311.jpg 639w, https:\/\/hubertia-moosham.de\/wp-content\/uploads\/2022\/09\/Mini-IMG_20210811_203311-300x225.jpg 300w\" sizes=\"auto, (max-width: 639px) 100vw, 639px\" \/><figcaption class=\"wp-element-caption\">seht nur die vielen Kabel<\/figcaption><\/figure>\n\n\n\n<figure class=\"wp-block-image size-large is-style-default\"><img loading=\"lazy\" decoding=\"async\" width=\"639\" height=\"480\" data-id=\"311\" src=\"https:\/\/hubertia-moosham.de\/wp-content\/uploads\/2022\/09\/Mini-IMG_20210811_203338.jpg\" alt=\"\" class=\"wp-image-311\" srcset=\"https:\/\/hubertia-moosham.de\/wp-content\/uploads\/2022\/09\/Mini-IMG_20210811_203338.jpg 639w, https:\/\/hubertia-moosham.de\/wp-content\/uploads\/2022\/09\/Mini-IMG_20210811_203338-300x225.jpg 300w\" sizes=\"auto, (max-width: 639px) 100vw, 639px\" \/><figcaption class=\"wp-element-caption\">schaut schon sehr gut aus.<\/figcaption><\/figure>\n\n\n\n<figure class=\"wp-block-image size-large is-style-default\"><img loading=\"lazy\" decoding=\"async\" width=\"639\" height=\"480\" data-id=\"304\" src=\"https:\/\/hubertia-moosham.de\/wp-content\/uploads\/2022\/09\/Mini-IMG_20210811_204834.jpg\" alt=\"\" class=\"wp-image-304\" srcset=\"https:\/\/hubertia-moosham.de\/wp-content\/uploads\/2022\/09\/Mini-IMG_20210811_204834.jpg 639w, https:\/\/hubertia-moosham.de\/wp-content\/uploads\/2022\/09\/Mini-IMG_20210811_204834-300x225.jpg 300w\" sizes=\"auto, (max-width: 639px) 100vw, 639px\" \/><figcaption class=\"wp-element-caption\">Montage der Arbeitsplatte mit den ausgeschnittenen L\u00f6chern f\u00fcr die Auflageb\u00f6cke<\/figcaption><\/figure>\n\n\n\n<figure class=\"wp-block-image size-large is-style-default\"><img loading=\"lazy\" decoding=\"async\" width=\"639\" height=\"480\" data-id=\"303\" src=\"https:\/\/hubertia-moosham.de\/wp-content\/uploads\/2022\/09\/Mini-IMG_20210823_205307.jpg\" alt=\"\" class=\"wp-image-303\" srcset=\"https:\/\/hubertia-moosham.de\/wp-content\/uploads\/2022\/09\/Mini-IMG_20210823_205307.jpg 639w, https:\/\/hubertia-moosham.de\/wp-content\/uploads\/2022\/09\/Mini-IMG_20210823_205307-300x225.jpg 300w\" sizes=\"auto, (max-width: 639px) 100vw, 639px\" \/><figcaption class=\"wp-element-caption\">hier kommen mal die automatischen Auflageb\u00f6cke rein<\/figcaption><\/figure>\n\n\n\n<figure class=\"wp-block-image size-large is-style-default\"><img loading=\"lazy\" decoding=\"async\" width=\"640\" height=\"853\" data-id=\"313\" src=\"https:\/\/hubertia-moosham.de\/wp-content\/uploads\/2022\/09\/Mini-IMG_20210811_204901.jpg\" alt=\"\" class=\"wp-image-313\" srcset=\"https:\/\/hubertia-moosham.de\/wp-content\/uploads\/2022\/09\/Mini-IMG_20210811_204901.jpg 640w, https:\/\/hubertia-moosham.de\/wp-content\/uploads\/2022\/09\/Mini-IMG_20210811_204901-225x300.jpg 225w\" sizes=\"auto, (max-width: 640px) 100vw, 640px\" \/><figcaption class=\"wp-element-caption\">und schon wieder G\u00fcnter mit seinen Kabeln<\/figcaption><\/figure>\n\n\n\n<figure class=\"wp-block-image size-large is-style-default\"><img loading=\"lazy\" decoding=\"async\" width=\"639\" height=\"480\" data-id=\"312\" src=\"https:\/\/hubertia-moosham.de\/wp-content\/uploads\/2022\/09\/Mini-IMG_20210811_205736.jpg\" alt=\"\" class=\"wp-image-312\" srcset=\"https:\/\/hubertia-moosham.de\/wp-content\/uploads\/2022\/09\/Mini-IMG_20210811_205736.jpg 639w, https:\/\/hubertia-moosham.de\/wp-content\/uploads\/2022\/09\/Mini-IMG_20210811_205736-300x225.jpg 300w\" sizes=\"auto, (max-width: 639px) 100vw, 639px\" \/><figcaption class=\"wp-element-caption\">Viel Platz von hinten f\u00fcr die ganze Technik<\/figcaption><\/figure>\n\n\n\n<figure class=\"wp-block-image size-large is-style-default\"><img loading=\"lazy\" decoding=\"async\" width=\"639\" height=\"480\" data-id=\"314\" src=\"https:\/\/hubertia-moosham.de\/wp-content\/uploads\/2022\/09\/Mini-IMG_20210823_194521.jpg\" alt=\"\" class=\"wp-image-314\" srcset=\"https:\/\/hubertia-moosham.de\/wp-content\/uploads\/2022\/09\/Mini-IMG_20210823_194521.jpg 639w, https:\/\/hubertia-moosham.de\/wp-content\/uploads\/2022\/09\/Mini-IMG_20210823_194521-300x225.jpg 300w\" sizes=\"auto, (max-width: 639px) 100vw, 639px\" \/><figcaption class=\"wp-element-caption\">Gipskartonplatten unter den Edelstahlplatten<\/figcaption><\/figure>\n\n\n\n<figure class=\"wp-block-image size-large is-style-default\"><img loading=\"lazy\" decoding=\"async\" width=\"639\" height=\"480\" data-id=\"308\" src=\"https:\/\/hubertia-moosham.de\/wp-content\/uploads\/2022\/09\/Mini-IMG_20210823_194537.jpg\" alt=\"\" class=\"wp-image-308\" srcset=\"https:\/\/hubertia-moosham.de\/wp-content\/uploads\/2022\/09\/Mini-IMG_20210823_194537.jpg 639w, https:\/\/hubertia-moosham.de\/wp-content\/uploads\/2022\/09\/Mini-IMG_20210823_194537-300x225.jpg 300w\" sizes=\"auto, (max-width: 639px) 100vw, 639px\" \/><figcaption class=\"wp-element-caption\">Flei\u00dfig<\/figcaption><\/figure>\n\n\n\n<figure class=\"wp-block-image size-large is-style-default\"><img loading=\"lazy\" decoding=\"async\" width=\"639\" height=\"480\" data-id=\"317\" src=\"https:\/\/hubertia-moosham.de\/wp-content\/uploads\/2022\/09\/Mini-IMG_20210823_205313.jpg\" alt=\"\" class=\"wp-image-317\" srcset=\"https:\/\/hubertia-moosham.de\/wp-content\/uploads\/2022\/09\/Mini-IMG_20210823_205313.jpg 639w, https:\/\/hubertia-moosham.de\/wp-content\/uploads\/2022\/09\/Mini-IMG_20210823_205313-300x225.jpg 300w\" sizes=\"auto, (max-width: 639px) 100vw, 639px\" \/><figcaption class=\"wp-element-caption\">die letzten Arbeiten<\/figcaption><\/figure>\n\n\n\n<figure class=\"wp-block-image size-large is-style-default\"><img loading=\"lazy\" decoding=\"async\" width=\"639\" height=\"480\" data-id=\"315\" src=\"https:\/\/hubertia-moosham.de\/wp-content\/uploads\/2022\/09\/Mini-IMG_20210823_205239.jpg\" alt=\"\" class=\"wp-image-315\" srcset=\"https:\/\/hubertia-moosham.de\/wp-content\/uploads\/2022\/09\/Mini-IMG_20210823_205239.jpg 639w, https:\/\/hubertia-moosham.de\/wp-content\/uploads\/2022\/09\/Mini-IMG_20210823_205239-300x225.jpg 300w\" sizes=\"auto, (max-width: 639px) 100vw, 639px\" \/><figcaption class=\"wp-element-caption\">Fertig, kann sich sehen lassen<\/figcaption><\/figure>\n<\/figure>\n\n\n\n<p><br>Der ganze Verein hat mitgeholfen, ausger\u00e4umt, verpackt, abgebaut, gestrichen, neuen Boden verlegt, neuer Tresen gebaut, elektronische Schie\u00dfanlage von der Firma DISAG eingebaut, verkabelt, angeschlossen, Trockenwand errichtet, angeschlossen, neue Schr\u00e4nke eingebaut und Lichtanlage erneuert, und nat\u00fcrlich, das darf man auch nicht vergessen, geputzt und geschrubbt. <\/p>\n\n\n\n<p>Im Gro\u00dfen und Ganzen k\u00f6nnen wir mit Stolz auf unsere neue Schie\u00dfanlage schauen. Mit allen Helfern und <strong>Sponsoren<\/strong> haben wir etwas Tolles erschaffen. Hier nochmal ein gro\u00dfes Vergelt\u00b4s Gott an alle Helfer und Sponsoren. Ein besonderes Dankesch\u00f6n an unseren Hausherrn dem <strong><a href=\"https:\/\/www.k\u00fcrzeder.com\" data-type=\"URL\" data-id=\"https:\/\/www.k\u00fcrzeder.com\">Wirt\u00b4z Moosham<\/a><\/strong> der Familie K\u00fcrzeder, ohne dessen \u00dcberlassung der R\u00e4umlichkeit dieser Umbau gar nicht verwirklicht werden h\u00e4tte k\u00f6nnen.<\/p>\n\n\n\n<p>Der Vorstand<\/p>\n","protected":false},"excerpt":{"rendered":"<p>Eine weitere Neuerung fand noch am Stand selber statt. Der Stand wurde dieses Jahr komplett neu umgebaut und auf elektronische Schie\u00dfst\u00e4nde umgestellt. Der ganze Verein hat mitgeholfen, ausger\u00e4umt, verpackt, abgebaut, gestrichen, neuen Boden verlegt,&#46;&#46;&#46;<\/p>\n","protected":false},"author":1,"featured_media":0,"parent":30,"menu_order":0,"comment_status":"closed","ping_status":"closed","template":"","meta":{"footnotes":""},"class_list":["post-559","page","type-page","status-publish","hentry"],"_links":{"self":[{"href":"https:\/\/hubertia-moosham.de\/index.php?rest_route=\/wp\/v2\/pages\/559","targetHints":{"allow":["GET"]}}],"collection":[{"href":"https:\/\/hubertia-moosham.de\/index.php?rest_route=\/wp\/v2\/pages"}],"about":[{"href":"https:\/\/hubertia-moosham.de\/index.php?rest_route=\/wp\/v2\/types\/page"}],"author":[{"embeddable":true,"href":"https:\/\/hubertia-moosham.de\/index.php?rest_route=\/wp\/v2\/users\/1"}],"replies":[{"embeddable":true,"href":"https:\/\/hubertia-moosham.de\/index.php?rest_route=%2Fwp%2Fv2%2Fcomments&post=559"}],"version-history":[{"count":1,"href":"https:\/\/hubertia-moosham.de\/index.php?rest_route=\/wp\/v2\/pages\/559\/revisions"}],"predecessor-version":[{"id":560,"href":"https:\/\/hubertia-moosham.de\/index.php?rest_route=\/wp\/v2\/pages\/559\/revisions\/560"}],"up":[{"embeddable":true,"href":"https:\/\/hubertia-moosham.de\/index.php?rest_route=\/wp\/v2\/pages\/30"}],"wp:attachment":[{"href":"https:\/\/hubertia-moosham.de\/index.php?rest_route=%2Fwp%2Fv2%2Fmedia&parent=559"}],"curies":[{"name":"wp","href":"https:\/\/api.w.org\/{rel}","templated":true}]}}