{"id":29,"date":"2022-01-13T21:00:27","date_gmt":"2022-01-13T21:00:27","guid":{"rendered":"https:\/\/hubertia-moosham.de\/?page_id=29"},"modified":"2022-04-18T11:53:43","modified_gmt":"2022-04-18T11:53:43","slug":"chronik","status":"publish","type":"page","link":"https:\/\/hubertia-moosham.de\/?page_id=29","title":{"rendered":"Chronik"},"content":{"rendered":"\n<p>Es war im Jahr 1950-die Wirren des Krieges waren kaum \u00fcberstanden und die Verh\u00e4ltnisse lie\u00dfen keine gro\u00dfen Spr\u00fcnge zu. Gerade deshalb war Gesellschaft gro\u00df geschrieben. Treffpunkt war wie k\u00f6nnte es auch anders sein, der Dorfwirt.<\/p>\n\n\n\n<p>So trafen in diesem besagten Jahr, es war der 7.Dezember 1950, die M\u00e4nner aus Moosham und der n\u00e4heren Umgebung beim Wirt zusammen. Wie gewohnt reihte man sich um den Ofentisch in der Gaststube. Mit etwas Unzufriedenheit registrierte man, dass in der Umgebung einzelne Sch\u00fctzenvereine gegr\u00fcndet worden waren. Es war an dem besagten Abend als der Gastwirt Hans K\u00fcrzeder vorschlug auch in Moosham einen Sch\u00fctzenverein zu gr\u00fcnden. Die anwesenden G\u00e4ste Mathias Bauer, Josef Kern, Matth\u00e4us u. Bartholom\u00e4us Zeiler, Josef Hofbauer, Thomas u. Sebastian Lohmeier und Josef Haunolder stimmten voller Eifer zu. Somit war der Sch\u00fctzenverein gegr\u00fcndet.<\/p>\n\n\n\n<p>Da man \u00fcber keinerlei Kenntnisse, was die Vereinsf\u00fchrung betrifft, verf\u00fcgte, fuhren Hans K\u00fcrzeder u. Mathias Bauer nach Marsmeier, um einem Schie\u00dfabend beizuwohnen und Erkundigungen einzuziehen. Um den Schie\u00dfbetrieb schlie\u00dflich durchf\u00fchren zu k\u00f6nnen, besorgte man ein Luftgewehr. 72-.DM mussten daf\u00fcr berappt werden. Leider fehlte es an den n\u00f6tigen Geldmitteln, deshalb wandte man sich an die Moy-Brauerei in Haag, die schlie\u00dflich die Kosten \u00fcbernahm.<\/p>\n\n\n\n<p>Am 24.Dezember war es dann endlich soweit, der Wirt lud zum ersten Schie\u00dfen. 26 Personen traten an den Stand, der noch primitiv aufgebaut war. Auch die Neugeschaffene Satzung wurde ihrer Bestimmung \u00fcbergeben. In ihr war die Schie\u00dfzeit vom 1.November bis 30.April festgelegt, au\u00dferdem der Vereinsbeitrag. So verlangte man eine einmalige Aufnahmegeb\u00fchr von 1,50 DM, sowie einen monatl. Beitrag&nbsp; von 10 Pfennigen zur Munitionsbeschaffung und zum Kauf von Scheiben. Kurioserweise ist in einer alten Schie\u00dfkladde zu lesen dass am 31.12.1952 der Schie\u00dfbetrieb nicht aufgenommen werden konnte, da keine Kugeln zur Verf\u00fcgung standen.<\/p>\n\n\n\n<p>In Jahr 1959 gab man eine K\u00f6nigskette in Auftrag die Max Hirschhuber anfertigte. Diese Kette stellt auch heute noch einen wertvollen Bestandteil&nbsp; des Vereinsverm\u00f6gens dar.<\/p>\n\n\n\n<p>1967 unterbreiteten die Kirchdorfer Sch\u00fctzen einen Vorschlag, n\u00e4mlich zusammen mit dem Sch\u00fctzenverein Sch\u00f6nbrunn ein Pokalschie\u00dfen auszutragen. Nachdem alle drei Vereine zustimmten konnte dieses Unterfangen am 8. u. 9. M\u00e4rz 1968 durchgef\u00fchrt werden. Das sog. Pokalschie\u00dfen hat auch heute noch Bestand und wird seitdem jedes Jahr ausgetragen.<\/p>\n\n\n\n<p>1969 begann man mit der Errichtung eines Sch\u00fctzenheimes. Am 24.Jan begann man mit dem Abbruch des alten Eiskellers, den der Wirt zur Verf\u00fcgung stellte. 867 freiwillige Arbeitsstunden waren n\u00f6tig, um das Bauwerk zu vollenden. Am 20 Mai des gleichen Jahres erfolgte die Einweihung durch Kurat Sebastian Lipp. Der Sch\u00fctzenverein Hubertia Moosham z\u00e4hlte damit zu den vier Vereinen im Gau Wasserburg-Haag, die \u00fcber ein eigenes Vereinsheim verf\u00fcgten.<\/p>\n\n\n\n<p>Am 21 Sept. 1980 wurde wiederum ein neues Sch\u00fctzenheim eingeweiht. Umfangreiche Umbauarbeiten seitens das Wirtes erm\u00f6glichten es nicht mehr den alten Raum zu erhalten. Da der Wirt neue R\u00e4umlichkeiten zur Verf\u00fcgung stellte ging man daran ein neues Heim zu erstellen. Unter kr\u00e4ftiger Mitarbeit das Wirtes und zahlreicher freiwilliger Helfer konnte den Sommer \u00fcber der neue Schie\u00dfstand errichtet werden. Mit Zusch\u00fcssen seitens der Gemeinde u. des Landkreises, sowie einzelner Spender konnte dieses Projekt ohne Schulden abgeschlossen werden.<\/p>\n\n\n\n<p>Ein absoluter H\u00f6hepunkt des Vereines war die Fahnenweihe, die vom 1. &#8211; 5. Juni 1983 stattfand.<\/p>\n\n\n\n<p>Noch nicht vollst\u00e4ndig!!<\/p>\n\n\n\n<p>Wird demn\u00e4chst weitergeschrieben&nbsp;&nbsp;&nbsp;&nbsp;&nbsp;<\/p>\n\n\n\n<p>Mit freundlicher Unterst\u00fctzung von Hans K\u00fcrzeder&nbsp;<\/p>\n","protected":false},"excerpt":{"rendered":"<p>Es war im Jahr 1950-die Wirren des Krieges waren kaum \u00fcberstanden und die Verh\u00e4ltnisse lie\u00dfen keine gro\u00dfen Spr\u00fcnge zu. Gerade deshalb war Gesellschaft gro\u00df geschrieben. Treffpunkt war wie k\u00f6nnte es auch anders sein, der&#46;&#46;&#46;<\/p>\n","protected":false},"author":1,"featured_media":0,"parent":0,"menu_order":0,"comment_status":"closed","ping_status":"closed","template":"","meta":{"footnotes":""},"class_list":["post-29","page","type-page","status-publish","hentry"],"_links":{"self":[{"href":"https:\/\/hubertia-moosham.de\/index.php?rest_route=\/wp\/v2\/pages\/29","targetHints":{"allow":["GET"]}}],"collection":[{"href":"https:\/\/hubertia-moosham.de\/index.php?rest_route=\/wp\/v2\/pages"}],"about":[{"href":"https:\/\/hubertia-moosham.de\/index.php?rest_route=\/wp\/v2\/types\/page"}],"author":[{"embeddable":true,"href":"https:\/\/hubertia-moosham.de\/index.php?rest_route=\/wp\/v2\/users\/1"}],"replies":[{"embeddable":true,"href":"https:\/\/hubertia-moosham.de\/index.php?rest_route=%2Fwp%2Fv2%2Fcomments&post=29"}],"version-history":[{"count":2,"href":"https:\/\/hubertia-moosham.de\/index.php?rest_route=\/wp\/v2\/pages\/29\/revisions"}],"predecessor-version":[{"id":218,"href":"https:\/\/hubertia-moosham.de\/index.php?rest_route=\/wp\/v2\/pages\/29\/revisions\/218"}],"wp:attachment":[{"href":"https:\/\/hubertia-moosham.de\/index.php?rest_route=%2Fwp%2Fv2%2Fmedia&parent=29"}],"curies":[{"name":"wp","href":"https:\/\/api.w.org\/{rel}","templated":true}]}}