{"id":24,"date":"2022-01-13T21:00:27","date_gmt":"2022-01-13T21:00:27","guid":{"rendered":"https:\/\/hubertia-moosham.de\/?page_id=24"},"modified":"2025-05-17T19:02:02","modified_gmt":"2025-05-17T19:02:02","slug":"schuetzenkoenige","status":"publish","type":"page","link":"https:\/\/hubertia-moosham.de\/?page_id=24","title":{"rendered":"Sch\u00fctzenk\u00f6nige"},"content":{"rendered":"\n<h4 class=\"wp-block-heading\">Sch\u00fctzenk\u00f6nige Saison 2024\/2025<\/h4>\n\n\n\n<figure class=\"wp-block-image size-large\"><img loading=\"lazy\" decoding=\"async\" width=\"1024\" height=\"844\" src=\"https:\/\/hubertia-moosham.de\/wp-content\/uploads\/2025\/05\/IMG-20250517-WA0017-1024x844.jpg\" alt=\"\" class=\"wp-image-963\" srcset=\"https:\/\/hubertia-moosham.de\/wp-content\/uploads\/2025\/05\/IMG-20250517-WA0017-1024x844.jpg 1024w, https:\/\/hubertia-moosham.de\/wp-content\/uploads\/2025\/05\/IMG-20250517-WA0017-300x247.jpg 300w, https:\/\/hubertia-moosham.de\/wp-content\/uploads\/2025\/05\/IMG-20250517-WA0017-768x633.jpg 768w, https:\/\/hubertia-moosham.de\/wp-content\/uploads\/2025\/05\/IMG-20250517-WA0017-1536x1265.jpg 1536w, https:\/\/hubertia-moosham.de\/wp-content\/uploads\/2025\/05\/IMG-20250517-WA0017.jpg 1600w\" sizes=\"auto, (max-width: 1024px) 100vw, 1024px\" \/><\/figure>\n\n\n\n<p>Jedes Jahr treten alle Sch\u00fctzen und Sch\u00fctzinnen, Jugend, Sch\u00fcler und Aufgelegt-Sch\u00fctzen das gesamte Jahr in unserem Sch\u00fctzenhaus und messen bei mindestens 10 Schuss ihr K\u00f6nnen. Die Besten Teiler unterteilt in Luftgewehr, Luftpistole, Jugend\/Sch\u00fcler (beide Disziplinen) werden hierbei ermittelt. Beim diesj\u00e4hrigem Schie\u00dfabschluss konnte sich in der Disziplin Luftgewehr Katharina Daumoser mit einem &#8230;. Teiler behaupten. In der Jugend war mit der &#8230;. &#8230;&#8230; mit einem &#8230;. Teiler auf dem 1. Platz. In der Disziplin Luftpistole holte sich Johann Hundschell Senior die Sch\u00fctzenkette mit einem &#8230;.Teiler.<\/p>\n\n\n\n<hr class=\"wp-block-separator has-alpha-channel-opacity\"\/>\n\n\n\n<p><strong>Sch\u00fctzenk\u00f6nige Saison 2023\/2024<\/strong><\/p>\n\n\n\n<figure class=\"wp-block-image size-full is-style-default\"><img loading=\"lazy\" decoding=\"async\" width=\"768\" height=\"1024\" src=\"https:\/\/hubertia-moosham.de\/wp-content\/uploads\/2024\/04\/IMG-20240408-WA0000.jpg\" alt=\"\" class=\"wp-image-634\" srcset=\"https:\/\/hubertia-moosham.de\/wp-content\/uploads\/2024\/04\/IMG-20240408-WA0000.jpg 768w, https:\/\/hubertia-moosham.de\/wp-content\/uploads\/2024\/04\/IMG-20240408-WA0000-225x300.jpg 225w\" sizes=\"auto, (max-width: 768px) 100vw, 768px\" \/><figcaption class=\"wp-element-caption\">(von links) Peter Schwarzenb\u00f6ck, Katharina Herzog und Franziska Hofbauer<\/figcaption><\/figure>\n\n\n\n<p>Nach einer erfolgreichen Saison 2023\/2024 kam es Ende M\u00e4rz zum Endschie\u00dfen beim Sch\u00fctzenverein Hubertia Moosham. Neben dem abschlie\u00dfenden Gl\u00fccksschie\u00dfen, bei dem jeder einen gen\u00fcsslichen Preis bekam, wurden am Abend die neuen K\u00f6nige und Meister gek\u00fcrt. Beim Luftgewehr wurde Franziska Hofbauer neue K\u00f6nigin, gefolgt von Anton Lohr als Wurstk\u00f6nig und Katharina Hofbauer als Breznk\u00f6nigin. In der Kategorie Luftpistole wurde Peter Schwarzenb\u00f6ck neuer K\u00f6nig, knapp vor G\u00fcnter M\u00fcller und Fini Ortner. In der Jugend hatte Katharina Herzog den besten Teiler, vor Jakob Freundl und Maxi K\u00fcrzeder. <br>Ebenso wurden die neuen Meister geehrt. Luftgewehr-Meister wurde Stefan Hierl, Luftgew\u00e4hr-Meisterin Franziska Hofbauer. Luftpistolen-Meister wurde Maratin K\u00fcrzeder, Luftpistolen-Meisterin Eva Schirmer. Meister beim Luftgewehr-Aufgelegt ist Karl Hofbauer, Luftpistole-Aufgelegt Peter Schwarzenb\u00f6ck und Jugendmeisterin ist Antonia Hierl.<\/p>\n\n\n\n<hr class=\"wp-block-separator has-alpha-channel-opacity\"\/>\n\n\n\n<p><strong>Sch\u00fctzenk\u00f6nige Saison 2022\/2023<\/strong><\/p>\n\n\n\n<figure class=\"wp-block-image size-large\"><img loading=\"lazy\" decoding=\"async\" width=\"1024\" height=\"768\" src=\"https:\/\/hubertia-moosham.de\/wp-content\/uploads\/2024\/09\/IMG-20240822-WA0002-1024x768.jpg\" alt=\"Sch\u00fctzenk\u00f6nige 2022\/23\" class=\"wp-image-736\" srcset=\"https:\/\/hubertia-moosham.de\/wp-content\/uploads\/2024\/09\/IMG-20240822-WA0002-1024x768.jpg 1024w, https:\/\/hubertia-moosham.de\/wp-content\/uploads\/2024\/09\/IMG-20240822-WA0002-300x225.jpg 300w, https:\/\/hubertia-moosham.de\/wp-content\/uploads\/2024\/09\/IMG-20240822-WA0002-768x576.jpg 768w, https:\/\/hubertia-moosham.de\/wp-content\/uploads\/2024\/09\/IMG-20240822-WA0002-1536x1152.jpg 1536w, https:\/\/hubertia-moosham.de\/wp-content\/uploads\/2024\/09\/IMG-20240822-WA0002.jpg 2016w\" sizes=\"auto, (max-width: 1024px) 100vw, 1024px\" \/><\/figure>\n\n\n\n<p>Nach einer erfolgreichen Saison 2022\/2023 kam es Ende M\u00e4rz zum Endschie\u00dfen beim Sch\u00fctzenverein Hubertia Moosham bei der die neuen K\u00f6nige und Meister gek\u00fcrt wurden. <br>von links nach rechts: Luftpistolenk\u00f6nig G\u00fcnter M\u00fcller, Jugendsch\u00fctzenk\u00f6nigin Lucia Hirl und Siglinde Hofbauer als Sch\u00fctzenk\u00f6nigin vom Luftgewehr. <\/p>\n\n\n\n<hr class=\"wp-block-separator has-alpha-channel-opacity\"\/>\n\n\n\n<p><strong>Sch\u00fctzenk\u00f6nige Saison 2021\/2022<\/strong><\/p>\n\n\n\n<div class=\"wp-block-columns is-layout-flex wp-container-core-columns-is-layout-9d6595d7 wp-block-columns-is-layout-flex\">\n<div class=\"wp-block-column is-layout-flow wp-block-column-is-layout-flow\">\n<figure class=\"wp-block-image size-large is-style-default\"><img loading=\"lazy\" decoding=\"async\" width=\"1024\" height=\"768\" src=\"https:\/\/hubertia-moosham.de\/wp-content\/uploads\/2023\/01\/IMG-20230106-WA0002-1024x768.jpg\" alt=\"\" class=\"wp-image-574\" srcset=\"https:\/\/hubertia-moosham.de\/wp-content\/uploads\/2023\/01\/IMG-20230106-WA0002-1024x768.jpg 1024w, https:\/\/hubertia-moosham.de\/wp-content\/uploads\/2023\/01\/IMG-20230106-WA0002-300x225.jpg 300w, https:\/\/hubertia-moosham.de\/wp-content\/uploads\/2023\/01\/IMG-20230106-WA0002-768x576.jpg 768w, https:\/\/hubertia-moosham.de\/wp-content\/uploads\/2023\/01\/IMG-20230106-WA0002-1536x1152.jpg 1536w, https:\/\/hubertia-moosham.de\/wp-content\/uploads\/2023\/01\/IMG-20230106-WA0002.jpg 2048w\" sizes=\"auto, (max-width: 1024px) 100vw, 1024px\" \/><figcaption class=\"wp-element-caption\">von links nach rechts: Sch\u00fctzenk\u00f6nige Korbinian Fleidl, Franziska Hofbauer, Peter Schwarzenb\u00f6ck<\/figcaption><\/figure>\n<\/div>\n\n\n\n<div class=\"wp-block-column is-layout-flow wp-block-column-is-layout-flow\">\n<p>Nach dem Beginn der Schie\u00dfsaison musste dieser unterbrochen werden und konnte erst wieder im Februar n\u00e4chsten Jahres begonnen werden. Deshalb wurde die Schie\u00dfsaison bis Ende April 2022 verl\u00e4ngert um allen die M\u00f6glichkeit zu bieten ein &#8222;a ordentlichs Blattl&#8220; zu schie\u00dfen.<\/p>\n\n\n\n<p>Beim Luftgewehr wurde Franziska Hofbauer Sch\u00fctzenk\u00f6nigin vor Wurstk\u00f6nig Karl Hofbauer und Brezn-K\u00f6nig Georg Freundl. In der Kategorie Luftpistole ehrten wir als Sch\u00fctzenk\u00f6nig Peter Schwarzenb\u00f6ck vor Wurstk\u00f6nig Hans Hundschell jun. und Breznk\u00f6nig Martin K\u00fcrzeder. Bei der Jugend hatte Korbinian Fleidl den besseren Teiler vor Veronika Hofbauer und Lucia Hierl.<\/p>\n\n\n\n<p>Die Meister der Saison in der Gruppe Luftgewehr Herren sind Stefan Hierl bei den Damen Katharina Hofbauer. Bei der Gruppe Luftpistole Herren sind das Johann Hundschell junior und bei den Damen Petra Reimann. Bei den aufgelegten Sch\u00fctzen Luftgewehr hat Karl Hofbauer die Nase vorne und bei Luftpistole Peter Schwarzenb\u00f6ck. Jugendmeisterin war Veronika Hofbauer.<\/p>\n<\/div>\n<\/div>\n\n\n\n<p><\/p>\n","protected":false},"excerpt":{"rendered":"<p>Sch\u00fctzenk\u00f6nige Saison 2024\/2025 Jedes Jahr treten alle Sch\u00fctzen und Sch\u00fctzinnen, Jugend, Sch\u00fcler und Aufgelegt-Sch\u00fctzen das gesamte Jahr in unserem Sch\u00fctzenhaus und messen bei mindestens 10 Schuss ihr K\u00f6nnen. Die Besten Teiler unterteilt in Luftgewehr,&#46;&#46;&#46;<\/p>\n","protected":false},"author":1,"featured_media":0,"parent":0,"menu_order":0,"comment_status":"closed","ping_status":"closed","template":"","meta":{"footnotes":""},"class_list":["post-24","page","type-page","status-publish","hentry"],"_links":{"self":[{"href":"https:\/\/hubertia-moosham.de\/index.php?rest_route=\/wp\/v2\/pages\/24","targetHints":{"allow":["GET"]}}],"collection":[{"href":"https:\/\/hubertia-moosham.de\/index.php?rest_route=\/wp\/v2\/pages"}],"about":[{"href":"https:\/\/hubertia-moosham.de\/index.php?rest_route=\/wp\/v2\/types\/page"}],"author":[{"embeddable":true,"href":"https:\/\/hubertia-moosham.de\/index.php?rest_route=\/wp\/v2\/users\/1"}],"replies":[{"embeddable":true,"href":"https:\/\/hubertia-moosham.de\/index.php?rest_route=%2Fwp%2Fv2%2Fcomments&post=24"}],"version-history":[{"count":6,"href":"https:\/\/hubertia-moosham.de\/index.php?rest_route=\/wp\/v2\/pages\/24\/revisions"}],"predecessor-version":[{"id":964,"href":"https:\/\/hubertia-moosham.de\/index.php?rest_route=\/wp\/v2\/pages\/24\/revisions\/964"}],"wp:attachment":[{"href":"https:\/\/hubertia-moosham.de\/index.php?rest_route=%2Fwp%2Fv2%2Fmedia&parent=24"}],"curies":[{"name":"wp","href":"https:\/\/api.w.org\/{rel}","templated":true}]}}